{"id":554,"date":"2024-09-13T11:11:34","date_gmt":"2024-09-13T09:11:34","guid":{"rendered":"https:\/\/csanamlux.be\/?page_id=554"},"modified":"2024-10-02T17:10:39","modified_gmt":"2024-10-02T15:10:39","slug":"collectif-parler-pour-apprendre-a-lire","status":"publish","type":"page","link":"https:\/\/csanamlux.be\/index.php\/collectif-parler-pour-apprendre-a-lire\/","title":{"rendered":"Collectif P.A.R.L.E.R. pour apprendre \u00e0 lire"},"content":{"rendered":"\t\t<div data-elementor-type=\"wp-page\" data-elementor-id=\"554\" class=\"elementor elementor-554\">\n\t\t\t\t<div class=\"elementor-element elementor-element-8328145 e-con-full e-flex e-con e-parent\" data-id=\"8328145\" data-element_type=\"container\">\n\t\t\t\t<div class=\"elementor-element elementor-element-1cff392 elementor-align-center elementor-widget elementor-widget-button\" data-id=\"1cff392\" data-element_type=\"widget\" data-widget_type=\"button.default\">\n\t\t\t\t<div class=\"elementor-widget-container\">\n\t\t\t\t\t\t\t\t\t<div class=\"elementor-button-wrapper\">\n\t\t\t\t\t<a class=\"elementor-button elementor-button-link elementor-size-sm\" href=\"https:\/\/forms.office.com\/Pages\/ResponsePage.aspx?id=aKMx8CQ0iUWkqbSyzIWbv89zxFbC53ZOnz9fKlU6tM1UNlVQRVdGSUJUVTBTUUhBRlpGMk5RN0JBQi4u\" target=\"_blank\">\n\t\t\t\t\t\t<span class=\"elementor-button-content-wrapper\">\n\t\t\t\t\t\t\t\t\t<span class=\"elementor-button-text\">Lien d'inscription ICI<\/span>\n\t\t\t\t\t<\/span>\n\t\t\t\t\t<\/a>\n\t\t\t\t<\/div>\n\t\t\t\t\t\t\t\t<\/div>\n\t\t\t\t<\/div>\n\t\t\t\t<div class=\"elementor-element elementor-element-172a359 elementor-widget elementor-widget-text-editor\" data-id=\"172a359\" data-element_type=\"widget\" data-widget_type=\"text-editor.default\">\n\t\t\t\t<div class=\"elementor-widget-container\">\n\t\t\t\t\t\t\t\t\t<h3 class=\"p1\"><strong><span class=\"s1\"><span style=\"text-decoration: underline;\">Objectifs g\u00e9n\u00e9riques<\/span>\u202f<\/span><\/strong><\/h3><ul><li class=\"p1\"><h4><span class=\"s2\">\u00c9changer en inter \u00e9coles sur les pratiques effectives autour du dispositif PARLER.<\/span><\/h4><\/li><li><h4>P\u00e9renniser le dispositif P.A.R.L.E.R. dans mon \u00e9cole<\/h4><\/li><li><h4>Mener une approche r\u00e9flexive \u00e0 propos des gestes professionnels mis en avant par le dispositif<\/h4><\/li><\/ul><h3><span style=\"text-decoration: underline;\"><span class=\"s1\"><b>Public cible<\/b><\/span><\/span><span class=\"s2\"><span style=\"text-decoration: underline;\"> :<\/span>\u00a0<\/span><\/h3><h4><span class=\"s2\">Enseignants et directions en accompagnement PARLER (Ann\u00e9e 3 et suivi)<\/span><\/h4><h3 class=\"p3\"><span style=\"text-decoration: underline;\"><span class=\"s1\"><b>Dates<\/b><\/span><span class=\"s2\"> : <\/span><\/span><\/h3><ul><li class=\"p3\"><h4>13\/03\/25 \u00e0 la maison dioc\u00e9saine de Namur<\/h4><\/li><\/ul><p class=\"p5\">\u00a0<\/p>\t\t\t\t\t\t\t\t<\/div>\n\t\t\t\t<\/div>\n\t\t\t\t<\/div>\n\t\t\t\t<\/div>\n\t\t","protected":false},"excerpt":{"rendered":"<p>Lien d&rsquo;inscription ICI Objectifs g\u00e9n\u00e9riques\u202f \u00c9changer en inter \u00e9coles sur les pratiques effectives autour du dispositif PARLER. P\u00e9renniser le dispositif P.A.R.L.E.R. dans mon \u00e9cole Mener une approche r\u00e9flexive \u00e0 propos des gestes professionnels mis en avant par le dispositif Public &hellip;<\/p>\n<p class=\"read-more\"> <a class=\"more-link\" href=\"https:\/\/csanamlux.be\/index.php\/collectif-parler-pour-apprendre-a-lire\/\"> <span class=\"screen-reader-text\">Collectif P.A.R.L.E.R. pour apprendre \u00e0 lire<\/span> Read More &raquo;<\/a><\/p>\n","protected":false},"author":1,"featured_media":0,"parent":0,"menu_order":0,"comment_status":"closed","ping_status":"closed","template":"elementor_header_footer","meta":{"footnotes":""},"class_list":["post-554","page","type-page","status-publish","hentry"],"featured_image_src":"","featured_image_src_square":false,"rbea_author_info":{"display_name":"admin3534","author_link":"https:\/\/csanamlux.be\/index.php\/author\/admin3534\/"},"rbea_excerpt_info":"Lien d&rsquo;inscription ICI Objectifs g\u00e9n\u00e9riques\u202f \u00c9changer en inter \u00e9coles sur les pratiques effectives autour du dispositif PARLER. P\u00e9renniser le dispositif P.A.R.L.E.R. dans mon \u00e9cole Mener une approche r\u00e9flexive \u00e0 propos des gestes professionnels mis en avant par le dispositif Public &hellip;<p class=\"read-more\"> <a class=\"more-link\" href=\"https:\/\/csanamlux.be\/index.php\/collectif-parler-pour-apprendre-a-lire\/\"> <span class=\"screen-reader-text\">Collectif P.A.R.L.E.R. pour apprendre \u00e0 lire<\/span> Read More &raquo;<\/a><\/p>","_links":{"self":[{"href":"https:\/\/csanamlux.be\/index.php\/wp-json\/wp\/v2\/pages\/554","targetHints":{"allow":["GET"]}}],"collection":[{"href":"https:\/\/csanamlux.be\/index.php\/wp-json\/wp\/v2\/pages"}],"about":[{"href":"https:\/\/csanamlux.be\/index.php\/wp-json\/wp\/v2\/types\/page"}],"author":[{"embeddable":true,"href":"https:\/\/csanamlux.be\/index.php\/wp-json\/wp\/v2\/users\/1"}],"replies":[{"embeddable":true,"href":"https:\/\/csanamlux.be\/index.php\/wp-json\/wp\/v2\/comments?post=554"}],"version-history":[{"count":44,"href":"https:\/\/csanamlux.be\/index.php\/wp-json\/wp\/v2\/pages\/554\/revisions"}],"predecessor-version":[{"id":1410,"href":"https:\/\/csanamlux.be\/index.php\/wp-json\/wp\/v2\/pages\/554\/revisions\/1410"}],"wp:attachment":[{"href":"https:\/\/csanamlux.be\/index.php\/wp-json\/wp\/v2\/media?parent=554"}],"curies":[{"name":"wp","href":"https:\/\/api.w.org\/{rel}","templated":true}]}}

Collectif P.A.R.L.E.R. pour apprendre à lire

<div data-elementor-type="wp-page" data-elementor-id="554" class="elementor elementor-554">
				<div class="elementor-element elementor-element-8328145 e-con-full e-flex e-con e-parent" data-id="8328145" data-element_type="container">
				<div class="elementor-element elementor-element-1cff392 elementor-align-center elementor-widget elementor-widget-button" data-id="1cff392" data-element_type="widget" data-widget_type="button.default">
				<div class="elementor-widget-container">
									<div class="elementor-button-wrapper">
					<a class="elementor-button elementor-button-link elementor-size-sm" href="https://forms.office.com/Pages/ResponsePage.aspx?id=aKMx8CQ0iUWkqbSyzIWbv89zxFbC53ZOnz9fKlU6tM1UNlVQRVdGSUJUVTBTUUhBRlpGMk5RN0JBQi4u" target="_blank">
						<span class="elementor-button-content-wrapper">
									<span class="elementor-button-text">Lien d'inscription ICI</span>
					</span>
					</a>
				</div>
								</div>
				</div>
				<div class="elementor-element elementor-element-172a359 elementor-widget elementor-widget-text-editor" data-id="172a359" data-element_type="widget" data-widget_type="text-editor.default">
				<div class="elementor-widget-container">
									<h3 class="p1"><strong><span class="s1"><span style="text-decoration: underline;">Objectifs génériques</span> </span></strong></h3><ul><li class="p1"><h4><span class="s2">Échanger en inter écoles sur les pratiques effectives autour du dispositif PARLER.</span></h4></li><li><h4>Pérenniser le dispositif P.A.R.L.E.R. dans mon école</h4></li><li><h4>Mener une approche réflexive à propos des gestes professionnels mis en avant par le dispositif</h4></li></ul><h3><span style="text-decoration: underline;"><span class="s1"><b>Public cible</b></span></span><span class="s2"><span style="text-decoration: underline;"> :</span> </span></h3><h4><span class="s2">Enseignants et directions en accompagnement PARLER (Année 3 et suivi)</span></h4><h3 class="p3"><span style="text-decoration: underline;"><span class="s1"><b>Dates</b></span><span class="s2"> : </span></span></h3><ul><li class="p3"><h4>13/03/25 à la maison diocésaine de Namur</h4></li></ul><p class="p5"> </p>								</div>
				</div>
				</div>
				</div>

<p>Lien d&rsquo;inscription ICI Objectifs génériques  Échanger en inter écoles sur les pratiques effectives autour du dispositif PARLER. Pérenniser le dispositif P.A.R.L.E.R. dans mon école Mener une approche réflexive à propos des gestes professionnels mis en avant par le dispositif Public &hellip;</p>
<p class="read-more"> <a class="more-link" href="https://csanamlux.be/index.php/collectif-parler-pour-apprendre-a-lire/"> <span class="screen-reader-text">Collectif P.A.R.L.E.R. pour apprendre à lire</span> Read More &raquo;</a></p>

Lien d&rsquo;inscription ICI Objectifs génériques  Échanger en inter écoles sur les pratiques effectives autour du dispositif PARLER. Pérenniser le dispositif P.A.R.L.E.R. dans mon école Mener une approche réflexive à propos des gestes professionnels mis en avant par le dispositif Public &hellip;<p class="read-more"> <a class="more-link" href="https://csanamlux.be/index.php/collectif-parler-pour-apprendre-a-lire/"> <span class="screen-reader-text">Collectif P.A.R.L.E.R. pour apprendre à lire</span> Read More &raquo;</a></p>
