{"id":546,"date":"2024-09-13T10:01:39","date_gmt":"2024-09-13T08:01:39","guid":{"rendered":"https:\/\/csanamlux.be\/?page_id=546"},"modified":"2025-02-04T12:08:39","modified_gmt":"2025-02-04T11:08:39","slug":"communaute-de-partages-en-religion","status":"publish","type":"page","link":"https:\/\/csanamlux.be\/index.php\/communaute-de-partages-en-religion\/","title":{"rendered":"Communaut\u00e9 de partages en religion"},"content":{"rendered":"\t\t<div data-elementor-type=\"wp-page\" data-elementor-id=\"546\" class=\"elementor elementor-546\">\n\t\t\t\t<div class=\"elementor-element elementor-element-e5eb6c1 e-flex e-con-boxed e-con e-parent\" data-id=\"e5eb6c1\" data-element_type=\"container\">\n\t\t\t\t\t<div class=\"e-con-inner\">\n\t\t\t\t<div class=\"elementor-element elementor-element-eb3e433 elementor-button-warning elementor-align-center elementor-widget elementor-widget-button\" data-id=\"eb3e433\" data-element_type=\"widget\" data-widget_type=\"button.default\">\n\t\t\t\t<div class=\"elementor-widget-container\">\n\t\t\t\t\t\t\t\t\t<div class=\"elementor-button-wrapper\">\n\t\t\t\t\t<a class=\"elementor-button elementor-button-link elementor-size-sm\" href=\"https:\/\/ifec-fo.valsoftware.cloud\/CATALOGUE\/CATALOGUE\/produit.aspx?p=1401862&#038;c=8\" target=\"_blank\" rel=\"nofollow\">\n\t\t\t\t\t\t<span class=\"elementor-button-content-wrapper\">\n\t\t\t\t\t\t\t\t\t<span class=\"elementor-button-text\">Lien d'inscription ICI<\/span>\n\t\t\t\t\t<\/span>\n\t\t\t\t\t<\/a>\n\t\t\t\t<\/div>\n\t\t\t\t\t\t\t\t<\/div>\n\t\t\t\t<\/div>\n\t\t\t\t\t<\/div>\n\t\t\t\t<\/div>\n\t\t<div class=\"elementor-element elementor-element-3349f59 e-flex e-con-boxed e-con e-parent\" data-id=\"3349f59\" data-element_type=\"container\">\n\t\t\t\t\t<div class=\"e-con-inner\">\n\t\t\t\t<div class=\"elementor-element elementor-element-e048245 elementor-widget elementor-widget-text-editor\" data-id=\"e048245\" data-element_type=\"widget\" data-widget_type=\"text-editor.default\">\n\t\t\t\t<div class=\"elementor-widget-container\">\n\t\t\t\t\t\t\t\t\t<h4><span style=\"text-decoration: underline;\">Objectifs g\u00e9n\u00e9riques :<\/span><\/h4>\n<h4 style=\"padding-left: 40px;\">\u2022 S&rsquo;outiller pour \u00e9laborer une planification en continuit\u00e9 d&rsquo;ann\u00e9e en ann\u00e9e en s&rsquo;appuyant sur les orientations m\u00e9thodologiques des programmes du r\u00e9seau dans la discipline cours de religion <br>\u2022 Identifier les conditions favorables \u00e0 la mise en \u0153uvre et au d\u00e9veloppement de cette continuit\u00e9 didactique au sein de son \u00e9tablissement.<\/h4>\n<h4><span style=\"text-decoration: underline;\">Objectifs sp\u00e9cifiques\u202f\u202f:<\/span><\/h4>\n<ul>\n<li>\n<h4>Partager les richesses et d\u00e9fis que pose la mise en \u0153uvre du nouveau programme\u202f<\/h4>\n<\/li>\n<li>\n<h4>Construire collectivement des outils\/des parcours pour sa mise en \u0153uvre\u202f<\/h4>\n<\/li>\n<\/ul>\n<h4><u>Public cible <\/u>: enseignants de religion<\/h4>\n<h4><u>Dates : <\/u><\/h4>\n<ul>\n<li>\n<h4>01\/10\/24 de 9h \u00e0 16h \u00e0 la maison dioc\u00e9saine de Namur<\/h4>\n<\/li>\n<li>\n<h4>06\/11\/24 de 9h \u00e0 12h30, locaux de l&rsquo;IFEC \u00e0 Champion<\/h4>\n<\/li>\n<li>\n<h4>05\/02\/25 de 9h \u00e0 12h30,&nbsp;locaux de l&rsquo;IFEC \u00e0 Champion<\/h4><\/li><\/ul>\t\t\t\t\t\t\t\t<\/div>\n\t\t\t\t<\/div>\n\t\t\t\t\t<\/div>\n\t\t\t\t<\/div>\n\t\t\t\t<\/div>\n\t\t","protected":false},"excerpt":{"rendered":"<p>Lien d&rsquo;inscription ICI Objectifs g\u00e9n\u00e9riques : \u2022 S&rsquo;outiller pour \u00e9laborer une planification en continuit\u00e9 d&rsquo;ann\u00e9e en ann\u00e9e en s&rsquo;appuyant sur les orientations m\u00e9thodologiques des programmes du r\u00e9seau dans la discipline cours de religion \u2022 Identifier les conditions favorables \u00e0 la &hellip;<\/p>\n<p class=\"read-more\"> <a class=\"more-link\" href=\"https:\/\/csanamlux.be\/index.php\/communaute-de-partages-en-religion\/\"> <span class=\"screen-reader-text\">Communaut\u00e9 de partages en religion<\/span> Read More &raquo;<\/a><\/p>\n","protected":false},"author":1,"featured_media":0,"parent":0,"menu_order":0,"comment_status":"closed","ping_status":"closed","template":"elementor_header_footer","meta":{"footnotes":""},"class_list":["post-546","page","type-page","status-publish","hentry"],"featured_image_src":"","featured_image_src_square":false,"rbea_author_info":{"display_name":"admin3534","author_link":"https:\/\/csanamlux.be\/index.php\/author\/admin3534\/"},"rbea_excerpt_info":"Lien d&rsquo;inscription ICI Objectifs g\u00e9n\u00e9riques : \u2022 S&rsquo;outiller pour \u00e9laborer une planification en continuit\u00e9 d&rsquo;ann\u00e9e en ann\u00e9e en s&rsquo;appuyant sur les orientations m\u00e9thodologiques des programmes du r\u00e9seau dans la discipline cours de religion \u2022 Identifier les conditions favorables \u00e0 la &hellip;<p class=\"read-more\"> <a class=\"more-link\" href=\"https:\/\/csanamlux.be\/index.php\/communaute-de-partages-en-religion\/\"> <span class=\"screen-reader-text\">Communaut\u00e9 de partages en religion<\/span> Read More &raquo;<\/a><\/p>","_links":{"self":[{"href":"https:\/\/csanamlux.be\/index.php\/wp-json\/wp\/v2\/pages\/546","targetHints":{"allow":["GET"]}}],"collection":[{"href":"https:\/\/csanamlux.be\/index.php\/wp-json\/wp\/v2\/pages"}],"about":[{"href":"https:\/\/csanamlux.be\/index.php\/wp-json\/wp\/v2\/types\/page"}],"author":[{"embeddable":true,"href":"https:\/\/csanamlux.be\/index.php\/wp-json\/wp\/v2\/users\/1"}],"replies":[{"embeddable":true,"href":"https:\/\/csanamlux.be\/index.php\/wp-json\/wp\/v2\/comments?post=546"}],"version-history":[{"count":46,"href":"https:\/\/csanamlux.be\/index.php\/wp-json\/wp\/v2\/pages\/546\/revisions"}],"predecessor-version":[{"id":1491,"href":"https:\/\/csanamlux.be\/index.php\/wp-json\/wp\/v2\/pages\/546\/revisions\/1491"}],"wp:attachment":[{"href":"https:\/\/csanamlux.be\/index.php\/wp-json\/wp\/v2\/media?parent=546"}],"curies":[{"name":"wp","href":"https:\/\/api.w.org\/{rel}","templated":true}]}}