{"id":526,"date":"2024-09-12T22:41:25","date_gmt":"2024-09-12T20:41:25","guid":{"rendered":"https:\/\/csanamlux.be\/?page_id=526"},"modified":"2025-09-16T21:00:21","modified_gmt":"2025-09-16T19:00:21","slug":"communaute-depratiques-denseignants-de-langues-modernes-et-en-immersion-2","status":"publish","type":"page","link":"https:\/\/csanamlux.be\/index.php\/offres-csa-enseignants\/communaute-depratiques-denseignants-de-langues-modernes-et-en-immersion-2\/","title":{"rendered":"Communaut\u00e9 de pratiques d&rsquo;enseignants de langues modernes et en immersion\u00a0"},"content":{"rendered":"\t\t<div data-elementor-type=\"wp-page\" data-elementor-id=\"526\" class=\"elementor elementor-526\">\n\t\t\t\t<div class=\"elementor-element elementor-element-2ad4da5 e-flex e-con-boxed e-con e-parent\" data-id=\"2ad4da5\" data-element_type=\"container\">\n\t\t\t\t\t<div class=\"e-con-inner\">\n\t\t\t\t<div class=\"elementor-element elementor-element-0da1ccc elementor-widget elementor-widget-heading\" data-id=\"0da1ccc\" data-element_type=\"widget\" data-widget_type=\"heading.default\">\n\t\t\t\t<div class=\"elementor-widget-container\">\n\t\t\t\t\t<h1 class=\"elementor-heading-title elementor-size-default\"><br>Communaut\u00e9 de pratiques d'enseignants <br><br>de langue moderne et d'immersion<\/h1>\t\t\t\t<\/div>\n\t\t\t\t<\/div>\n\t\t\t\t\t<\/div>\n\t\t\t\t<\/div>\n\t\t<div class=\"elementor-element elementor-element-c89bd64 e-grid e-con-boxed e-con e-parent\" data-id=\"c89bd64\" data-element_type=\"container\">\n\t\t\t\t\t<div class=\"e-con-inner\">\n\t\t\t\t<div class=\"elementor-element elementor-element-00cfa9e elementor-widget elementor-widget-text-editor\" data-id=\"00cfa9e\" data-element_type=\"widget\" data-widget_type=\"text-editor.default\">\n\t\t\t\t<div class=\"elementor-widget-container\">\n\t\t\t\t\t\t\t\t\t<p><span style=\"color: #ffffff;\"><u>Objectifs <\/u><span style=\"text-decoration: underline;\">:<\/span>\u00a0<\/span><\/p><ul><li><h4><span style=\"color: #ffffff;\">Une communaut\u00e9 de pratiques d&rsquo;enseignants est une opportunit\u00e9 qui favorise un apprentissage collaboratif entre coll\u00e8gues. Les enseignants en Langues Modernes et en Immersion pourront construire ensemble les ressources et outils n\u00e9cessaires \u00e0 leurs cours en lien avec les nouveaux programmes.<\/span><\/h4><\/li><\/ul><h4><span style=\"color: #ffffff;\"><u>Public cible :<\/u> enseignants en langues et\/ou en immersion<\/span><\/h4><h4><span style=\"color: #ffffff;\"><u>Dates :<\/u>\u00a0<\/span><\/h4><ul><li><h4><span style=\"color: #ffffff;\">Jeudi 27 \/11\/25 de 9h \u00e0 16h<\/span><\/h4><\/li><li><h4><span style=\"color: #ffffff; font-size: 16px; text-transform: inherit;\">Mardi 10\/03\/26 de 9h \u00e0 16h\u00a0<\/span><\/h4><\/li><li style=\"font-size: 14px;\"><h4><span style=\"font-size: 16px; color: #ffffff; text-transform: inherit;\">Jeudi 04\/06\/26 de 9h \u00e0 16h (dans le cadre de la semaine des experts)<\/span><\/h4><\/li><\/ul><div>\u00a0<\/div><ul><li style=\"font-size: 14px;\"><h4><u style=\"font-size: 16px; font-weight: bold; text-transform: inherit; color: #ffffff;\">Lieu :<\/u><span style=\"font-size: 16px; font-weight: bold; text-transform: inherit; color: #ffffff;\"> H\u00e9nallux Champion<\/span><\/h4><\/li><\/ul>\t\t\t\t\t\t\t\t<\/div>\n\t\t\t\t<\/div>\n\t\t\t\t<div class=\"elementor-element elementor-element-7782ba1 elementor-widget elementor-widget-text-editor\" data-id=\"7782ba1\" data-element_type=\"widget\" data-widget_type=\"text-editor.default\">\n\t\t\t\t<div class=\"elementor-widget-container\">\n\t\t\t\t\t\t\t\t\t<h4><span style=\"text-decoration: underline; color: #ffffff;\">Contenu :\u00a0<\/span><\/h4><ul><li><h4><span style=\"color: #ffffff;\"><span style=\"text-decoration: underline;\">Langues modernes<\/span> :<\/span><\/h4><ul><li><h4><span style=\"color: #ffffff;\">Richesses et difficult\u00e9s pour mettre en oeuvre le nouveau programme de Langues Modernes<\/span><\/h4><\/li><li><h4><span style=\"color: #ffffff;\">Des outils de mise en oeuvre du nouveau programme<\/span><\/h4><\/li><li><h4><span style=\"color: #ffffff;\">Des illustrations d&rsquo;activit\u00e9s d&rsquo;apprentissage du nouveau programme de Langues Modernes<\/span><\/h4><\/li><li><h4><span style=\"color: #ffffff;\">Des liens avec les autres disciplines (PECA, EPC et Fran\u00e7ais)<\/span><\/h4><\/li><\/ul><\/li><\/ul><div><ul><li><h4><span style=\"color: #ffffff;\"><u>Immersion <\/u>:<\/span><\/h4><ul><li><h4><span style=\"color: #ffffff;\">Richesses et difficult\u00e9s pour mettre en oeuvre les nouveaux programmes dans le cadre de l&rsquo;immersion<\/span><\/h4><\/li><li><h4><span style=\"color: #ffffff;\">Des outils de mise en oeuvre des nouveaux programmes<\/span><\/h4><\/li><li><h4><span style=\"color: #ffffff;\">Des illustrations d&rsquo;activit\u00e9s d&rsquo;apprentissage des nouveaux programmes<\/span><\/h4><\/li><li><h4><span style=\"color: #ffffff;\">Interdisciplinarit\u00e9 en immersion<\/span><\/h4><\/li><\/ul><\/li><\/ul><ul><li style=\"font-size: 14px;\"><h4><span style=\"color: #ffffff;\"><u>M\u00e9thodologie<\/u>:<\/span><\/h4><ul style=\"font-size: 14px;\"><li style=\"font-size: 14px;\"><h4><span style=\"color: #ffffff;\">Apport de contenus en lien avec les nouveaux programmes<\/span><\/h4><\/li><li style=\"font-size: 14px;\"><h4><span style=\"color: #ffffff;\">Apport de contenus didactiques<\/span><\/h4><\/li><li style=\"font-size: 14px;\"><h4><span style=\"color: #ffffff;\">Echange de pratique<\/span><span style=\"color: #ffffff;\">s et de ressources<\/span><\/h4><\/li><li style=\"font-size: 14px;\"><div><span style=\"color: #ffffff;\">\u00a0<\/span><\/div><\/li><\/ul><\/li><\/ul><\/div>\t\t\t\t\t\t\t\t<\/div>\n\t\t\t\t<\/div>\n\t\t\t\t\t<\/div>\n\t\t\t\t<\/div>\n\t\t<div class=\"elementor-element elementor-element-6f4d6c1 e-grid e-con-boxed e-con e-parent\" data-id=\"6f4d6c1\" data-element_type=\"container\">\n\t\t\t\t\t<div class=\"e-con-inner\">\n\t\t\t\t<div class=\"elementor-element elementor-element-4c0a11d elementor-widget elementor-widget-image\" data-id=\"4c0a11d\" data-element_type=\"widget\" data-widget_type=\"image.default\">\n\t\t\t\t<div class=\"elementor-widget-container\">\n\t\t\t\t\t\t\t\t\t\t\t\t\t\t\t<img fetchpriority=\"high\" decoding=\"async\" width=\"724\" height=\"1024\" src=\"https:\/\/csanamlux.be\/wp-content\/uploads\/2025\/09\/Flyer-Semaine-des-experts-2026_page-0001-724x1024.jpg\" class=\"attachment-large size-large wp-image-1839\" alt=\"\" srcset=\"https:\/\/csanamlux.be\/wp-content\/uploads\/2025\/09\/Flyer-Semaine-des-experts-2026_page-0001-724x1024.jpg 724w, https:\/\/csanamlux.be\/wp-content\/uploads\/2025\/09\/Flyer-Semaine-des-experts-2026_page-0001-212x300.jpg 212w, https:\/\/csanamlux.be\/wp-content\/uploads\/2025\/09\/Flyer-Semaine-des-experts-2026_page-0001-768x1086.jpg 768w, https:\/\/csanamlux.be\/wp-content\/uploads\/2025\/09\/Flyer-Semaine-des-experts-2026_page-0001-1086x1536.jpg 1086w, https:\/\/csanamlux.be\/wp-content\/uploads\/2025\/09\/Flyer-Semaine-des-experts-2026_page-0001-100x141.jpg 100w, https:\/\/csanamlux.be\/wp-content\/uploads\/2025\/09\/Flyer-Semaine-des-experts-2026_page-0001-150x212.jpg 150w, https:\/\/csanamlux.be\/wp-content\/uploads\/2025\/09\/Flyer-Semaine-des-experts-2026_page-0001-200x283.jpg 200w, https:\/\/csanamlux.be\/wp-content\/uploads\/2025\/09\/Flyer-Semaine-des-experts-2026_page-0001-300x424.jpg 300w, https:\/\/csanamlux.be\/wp-content\/uploads\/2025\/09\/Flyer-Semaine-des-experts-2026_page-0001-450x636.jpg 450w, https:\/\/csanamlux.be\/wp-content\/uploads\/2025\/09\/Flyer-Semaine-des-experts-2026_page-0001-600x849.jpg 600w, https:\/\/csanamlux.be\/wp-content\/uploads\/2025\/09\/Flyer-Semaine-des-experts-2026_page-0001-900x1273.jpg 900w, https:\/\/csanamlux.be\/wp-content\/uploads\/2025\/09\/Flyer-Semaine-des-experts-2026_page-0001.jpg 1241w\" sizes=\"(max-width: 724px) 100vw, 724px\" \/>\t\t\t\t\t\t\t\t\t\t\t\t\t\t\t<\/div>\n\t\t\t\t<\/div>\n\t\t\t\t<div class=\"elementor-element elementor-element-2fab80f elementor-widget elementor-widget-image\" data-id=\"2fab80f\" data-element_type=\"widget\" data-widget_type=\"image.default\">\n\t\t\t\t<div class=\"elementor-widget-container\">\n\t\t\t\t\t\t\t\t\t\t\t\t\t\t\t<img decoding=\"async\" width=\"724\" height=\"1024\" src=\"https:\/\/csanamlux.be\/wp-content\/uploads\/2025\/09\/Flyer-Semaine-des-experts-2026_page-0002-724x1024.jpg\" class=\"attachment-large size-large wp-image-1840\" alt=\"\" srcset=\"https:\/\/csanamlux.be\/wp-content\/uploads\/2025\/09\/Flyer-Semaine-des-experts-2026_page-0002-724x1024.jpg 724w, https:\/\/csanamlux.be\/wp-content\/uploads\/2025\/09\/Flyer-Semaine-des-experts-2026_page-0002-212x300.jpg 212w, https:\/\/csanamlux.be\/wp-content\/uploads\/2025\/09\/Flyer-Semaine-des-experts-2026_page-0002-768x1086.jpg 768w, https:\/\/csanamlux.be\/wp-content\/uploads\/2025\/09\/Flyer-Semaine-des-experts-2026_page-0002-1086x1536.jpg 1086w, https:\/\/csanamlux.be\/wp-content\/uploads\/2025\/09\/Flyer-Semaine-des-experts-2026_page-0002-100x141.jpg 100w, https:\/\/csanamlux.be\/wp-content\/uploads\/2025\/09\/Flyer-Semaine-des-experts-2026_page-0002-150x212.jpg 150w, https:\/\/csanamlux.be\/wp-content\/uploads\/2025\/09\/Flyer-Semaine-des-experts-2026_page-0002-200x283.jpg 200w, https:\/\/csanamlux.be\/wp-content\/uploads\/2025\/09\/Flyer-Semaine-des-experts-2026_page-0002-300x424.jpg 300w, https:\/\/csanamlux.be\/wp-content\/uploads\/2025\/09\/Flyer-Semaine-des-experts-2026_page-0002-450x636.jpg 450w, https:\/\/csanamlux.be\/wp-content\/uploads\/2025\/09\/Flyer-Semaine-des-experts-2026_page-0002-600x849.jpg 600w, https:\/\/csanamlux.be\/wp-content\/uploads\/2025\/09\/Flyer-Semaine-des-experts-2026_page-0002-900x1273.jpg 900w, https:\/\/csanamlux.be\/wp-content\/uploads\/2025\/09\/Flyer-Semaine-des-experts-2026_page-0002.jpg 1241w\" sizes=\"(max-width: 724px) 100vw, 724px\" \/>\t\t\t\t\t\t\t\t\t\t\t\t\t\t\t<\/div>\n\t\t\t\t<\/div>\n\t\t\t\t<div class=\"elementor-element elementor-element-e7ee80c elementor-widget elementor-widget-image\" data-id=\"e7ee80c\" data-element_type=\"widget\" data-widget_type=\"image.default\">\n\t\t\t\t<div class=\"elementor-widget-container\">\n\t\t\t\t\t\t\t\t\t\t\t\t\t\t\t<img decoding=\"async\" width=\"941\" height=\"941\" src=\"https:\/\/csanamlux.be\/wp-content\/uploads\/2025\/09\/flyer-invitation-Copra_page-0001-1024x1024.jpg\" class=\"attachment-large size-large wp-image-1815\" alt=\"\" srcset=\"https:\/\/csanamlux.be\/wp-content\/uploads\/2025\/09\/flyer-invitation-Copra_page-0001-1024x1024.jpg 1024w, https:\/\/csanamlux.be\/wp-content\/uploads\/2025\/09\/flyer-invitation-Copra_page-0001-300x300.jpg 300w, https:\/\/csanamlux.be\/wp-content\/uploads\/2025\/09\/flyer-invitation-Copra_page-0001-150x150.jpg 150w, https:\/\/csanamlux.be\/wp-content\/uploads\/2025\/09\/flyer-invitation-Copra_page-0001-768x768.jpg 768w, https:\/\/csanamlux.be\/wp-content\/uploads\/2025\/09\/flyer-invitation-Copra_page-0001-1536x1536.jpg 1536w, https:\/\/csanamlux.be\/wp-content\/uploads\/2025\/09\/flyer-invitation-Copra_page-0001-100x100.jpg 100w, https:\/\/csanamlux.be\/wp-content\/uploads\/2025\/09\/flyer-invitation-Copra_page-0001-200x200.jpg 200w, https:\/\/csanamlux.be\/wp-content\/uploads\/2025\/09\/flyer-invitation-Copra_page-0001-450x450.jpg 450w, https:\/\/csanamlux.be\/wp-content\/uploads\/2025\/09\/flyer-invitation-Copra_page-0001-600x600.jpg 600w, https:\/\/csanamlux.be\/wp-content\/uploads\/2025\/09\/flyer-invitation-Copra_page-0001-900x900.jpg 900w, https:\/\/csanamlux.be\/wp-content\/uploads\/2025\/09\/flyer-invitation-Copra_page-0001.jpg 1563w\" sizes=\"(max-width: 941px) 100vw, 941px\" \/>\t\t\t\t\t\t\t\t\t\t\t\t\t\t\t<\/div>\n\t\t\t\t<\/div>\n\t\t\t\t<div class=\"elementor-element elementor-element-336287c elementor-button-warning elementor-align-center elementor-widget elementor-widget-button\" data-id=\"336287c\" data-element_type=\"widget\" data-widget_type=\"button.default\">\n\t\t\t\t<div class=\"elementor-widget-container\">\n\t\t\t\t\t\t\t\t\t<div class=\"elementor-button-wrapper\">\n\t\t\t\t\t<a class=\"elementor-button elementor-button-link elementor-size-sm\" href=\"https:\/\/ifec-fo.valsoftware.cloud\/CATALOGUE\/CATALOGUE\/produit.aspx?p=1402738\" target=\"_blank\" rel=\"nofollow\">\n\t\t\t\t\t\t<span class=\"elementor-button-content-wrapper\">\n\t\t\t\t\t\t\t\t\t<span class=\"elementor-button-text\">Lien d'inscription ICI<\/span>\n\t\t\t\t\t<\/span>\n\t\t\t\t\t<\/a>\n\t\t\t\t<\/div>\n\t\t\t\t\t\t\t\t<\/div>\n\t\t\t\t<\/div>\n\t\t\t\t\t<\/div>\n\t\t\t\t<\/div>\n\t\t<div class=\"elementor-element elementor-element-8328145 e-con-full e-flex e-con e-parent\" data-id=\"8328145\" data-element_type=\"container\">\n\t\t\t\t<\/div>\n\t\t<div class=\"elementor-element elementor-element-c8911c8 e-grid e-con-boxed e-con e-parent\" data-id=\"c8911c8\" data-element_type=\"container\">\n\t\t\t\t\t<div class=\"e-con-inner\">\n\t\t\t\t\t<\/div>\n\t\t\t\t<\/div>\n\t\t\t\t<\/div>\n\t\t","protected":false},"excerpt":{"rendered":"<p>Communaut\u00e9 de pratiques d&rsquo;enseignants de langue moderne et d&rsquo;immersion Objectifs :\u00a0 Une communaut\u00e9 de pratiques d&rsquo;enseignants est une opportunit\u00e9 qui favorise un apprentissage collaboratif entre coll\u00e8gues. Les enseignants en Langues Modernes et en Immersion pourront construire ensemble les ressources et &hellip;<\/p>\n<p class=\"read-more\"> <a class=\"more-link\" href=\"https:\/\/csanamlux.be\/index.php\/offres-csa-enseignants\/communaute-depratiques-denseignants-de-langues-modernes-et-en-immersion-2\/\"> <span class=\"screen-reader-text\">Communaut\u00e9 de pratiques d&rsquo;enseignants de langues modernes et en immersion\u00a0<\/span> Read More &raquo;<\/a><\/p>\n","protected":false},"author":1,"featured_media":0,"parent":1111,"menu_order":0,"comment_status":"closed","ping_status":"closed","template":"elementor_header_footer","meta":{"footnotes":""},"class_list":["post-526","page","type-page","status-publish","hentry"],"featured_image_src":"","featured_image_src_square":false,"rbea_author_info":{"display_name":"admin3534","author_link":"https:\/\/csanamlux.be\/index.php\/author\/admin3534\/"},"rbea_excerpt_info":"Communaut\u00e9 de pratiques d&rsquo;enseignants de langue moderne et d&rsquo;immersion Objectifs :\u00a0 Une communaut\u00e9 de pratiques d&rsquo;enseignants est une opportunit\u00e9 qui favorise un apprentissage collaboratif entre coll\u00e8gues. Les enseignants en Langues Modernes et en Immersion pourront construire ensemble les ressources et &hellip;<p class=\"read-more\"> <a class=\"more-link\" href=\"https:\/\/csanamlux.be\/index.php\/offres-csa-enseignants\/communaute-depratiques-denseignants-de-langues-modernes-et-en-immersion-2\/\"> <span class=\"screen-reader-text\">Communaut\u00e9 de pratiques d&rsquo;enseignants de langues modernes et en immersion\u00a0<\/span> Read More &raquo;<\/a><\/p>","_links":{"self":[{"href":"https:\/\/csanamlux.be\/index.php\/wp-json\/wp\/v2\/pages\/526","targetHints":{"allow":["GET"]}}],"collection":[{"href":"https:\/\/csanamlux.be\/index.php\/wp-json\/wp\/v2\/pages"}],"about":[{"href":"https:\/\/csanamlux.be\/index.php\/wp-json\/wp\/v2\/types\/page"}],"author":[{"embeddable":true,"href":"https:\/\/csanamlux.be\/index.php\/wp-json\/wp\/v2\/users\/1"}],"replies":[{"embeddable":true,"href":"https:\/\/csanamlux.be\/index.php\/wp-json\/wp\/v2\/comments?post=526"}],"version-history":[{"count":116,"href":"https:\/\/csanamlux.be\/index.php\/wp-json\/wp\/v2\/pages\/526\/revisions"}],"predecessor-version":[{"id":1855,"href":"https:\/\/csanamlux.be\/index.php\/wp-json\/wp\/v2\/pages\/526\/revisions\/1855"}],"up":[{"embeddable":true,"href":"https:\/\/csanamlux.be\/index.php\/wp-json\/wp\/v2\/pages\/1111"}],"wp:attachment":[{"href":"https:\/\/csanamlux.be\/index.php\/wp-json\/wp\/v2\/media?parent=526"}],"curies":[{"name":"wp","href":"https:\/\/api.w.org\/{rel}","templated":true}]}}